{"id":12,"date":"2020-01-13T08:26:18","date_gmt":"2020-01-13T08:26:18","guid":{"rendered":"http:\/\/apmad.fr\/?page_id=12"},"modified":"2025-09-27T15:13:30","modified_gmt":"2025-09-27T14:13:30","slug":"ssiad","status":"publish","type":"page","link":"https:\/\/apmad.fr\/?page_id=12","title":{"rendered":"SSIAD"},"content":{"rendered":"\t\t<div data-elementor-type=\"wp-page\" data-elementor-id=\"12\" class=\"elementor elementor-12\">\n\t\t\t\t\t\t<section class=\"elementor-section elementor-top-section elementor-element elementor-element-295c3193 elementor-section-boxed elementor-section-height-default elementor-section-height-default\" data-id=\"295c3193\" data-element_type=\"section\">\n\t\t\t\t\t\t<div class=\"elementor-container elementor-column-gap-default\">\n\t\t\t\t\t<div class=\"elementor-column elementor-col-100 elementor-top-column elementor-element elementor-element-28f6d103\" data-id=\"28f6d103\" data-element_type=\"column\">\n\t\t\t<div class=\"elementor-widget-wrap elementor-element-populated\">\n\t\t\t\t\t\t<div class=\"elementor-element elementor-element-78447bc elementor-widget elementor-widget-text-editor\" data-id=\"78447bc\" data-element_type=\"widget\" data-widget_type=\"text-editor.default\">\n\t\t\t\t<div class=\"elementor-widget-container\">\n\t\t\t\t\t\t\t<p><!-- wp:paragraph --><\/p>\n<p>Depuis 1983, le SSIAD de St-Fargeau-Ponthierry et environs est un acteur essentiel du maintien \u00e0 domicile, en compl\u00e9ment des services \u00e0 la personne, des portages de repas, des transports&#8230;<\/p>\n<p>\u00a0 \u00a0 \u00a0 \u00a0 \u00a0 \u00a0 \u00a0 \u00a0 \u00a0 \u00a0 \u00a0Julianne BOTHEREL assure la direction de la structure APMAD-SSIAD<\/p>\n<p><!-- \/wp:paragraph --><\/p>\n<p><!-- wp:paragraph {\"customTextColor\":\"#008d9e\"} --><\/p>\n<p class=\"has-text-color\" style=\"color: #008d9e;\"><strong>A QUI S&#8217;ADRESSE-T-IL ?<\/strong><\/p>\n<p><!-- \/wp:paragraph --><\/p>\n<p><!-- wp:paragraph --><\/p>\n<p>Il intervient, principalement, au domicile des personnes :<\/p>\n<p><!-- \/wp:paragraph --><\/p>\n<p><!-- wp:list --><\/p>\n<ul>\n<li>\u00e2g\u00e9es de 60 ans et plus, malades ou d\u00e9pendantes.<\/li>\n<\/ul>\n<p><!-- \/wp:list --><\/p>\n<p><!-- wp:paragraph --><\/p>\n<p>Et sur autorisation expresse (d\u00e9rogation) de l&#8217;Agence R\u00e9gionale de Sant\u00e9, au domicile des personnes :<\/p>\n<p><!-- \/wp:paragraph --><\/p>\n<p><!-- wp:list --><\/p>\n<ul>\n<li>adultes de moins de 60 ans pr\u00e9sentant un handicap<\/li>\n<li>adultes de moins de 60 ans atteintes de pathologies chroniques ou d&#8217;affections n\u00e9cessitant un traitement prolong\u00e9 et une th\u00e9rapeutique particuli\u00e8rement co\u00fbteuse.<\/li>\n<\/ul>\n<p><!-- \/wp:list --><\/p>\n<p><!-- wp:paragraph {\"customTextColor\":\"#008d9e\"} --><\/p>\n<p class=\"has-text-color\" style=\"color: #008d9e;\"><strong>SUR QUEL TERRITOIRE INTERVIENT-IL ?<\/strong><\/p>\n<p><!-- \/wp:paragraph --><\/p>\n<p><!-- wp:paragraph --><\/p>\n<p>Il s&#8217;\u00e9tend sur le territoire de 13 communes :<\/p>\n<p><!-- \/wp:paragraph --><\/p>\n<p><!-- wp:image {\"id\":102,\"align\":\"left\"} --><\/p>\n<div class=\"wp-block-image\">\n<figure class=\"alignleft\"><img fetchpriority=\"high\" decoding=\"async\" width=\"308\" height=\"480\" class=\"wp-image-102\" src=\"http:\/\/apmad.fr\/wp-content\/uploads\/2020\/01\/map.png\" alt=\"\" srcset=\"https:\/\/apmad.fr\/wp-content\/uploads\/2020\/01\/map.png 308w, https:\/\/apmad.fr\/wp-content\/uploads\/2020\/01\/map-193x300.png 193w\" sizes=\"(max-width: 308px) 100vw, 308px\" \/><\/figure>\n<\/div>\n<p><!-- \/wp:image --><\/p>\n<p><!-- wp:list --><\/p>\n<ul>\n<li>Arbonne-la-For\u00eat<\/li>\n<li>Barbizon<\/li>\n<li>Boissise-le-Roi<\/li>\n<li>C\u00e9ly-en-Bi\u00e8re<\/li>\n<li>Chailly-en-Bi\u00e8re<\/li>\n<li>Fleury-en-Bi\u00e8re<\/li>\n<li>Perthes-en-G\u00e2tinais<\/li>\n<li>Pringy<\/li>\n<li>Saint-Fargeau-Ponthierry<\/li>\n<li>Saint-Germain-sur-\u00c9cole<\/li>\n<li>Saint-Martin-en-Bi\u00e8re<\/li>\n<li>Saint-Sauveur-sur-\u00c9cole<\/li>\n<li>Villiers-en-Bi\u00e8re<\/li>\n<\/ul>\n<p><!-- \/wp:list --><\/p>\n<p><!-- wp:paragraph --><\/p>\n<p><!-- \/wp:paragraph --><\/p>\n<p><!-- wp:paragraph {\"customTextColor\":\"#008d9e\"} --><\/p>\n<p class=\"has-text-color\" style=\"color: #008d9e;\"><strong>QUELLES PRESTATIONS ?<\/strong><\/p>\n<p><!-- \/wp:paragraph --><\/p>\n<p><!-- wp:paragraph --><\/p>\n<p>Les intervenants du SSIAD assurent :<\/p>\n<p><!-- \/wp:paragraph --><\/p>\n<p><!-- wp:list --><\/p>\n<ul>\n<li>des actes de la vie courante de soins d&#8217;hygi\u00e8ne et de confort<\/li>\n<li>des actes techniques infirmiers<\/li>\n<\/ul>\n<p><!-- \/wp:list --><\/p>\n<p><!-- wp:paragraph {\"customTextColor\":\"#008d9e\"} --><\/p>\n<p class=\"has-text-color\" style=\"color: #008d9e;\"><strong>QUELS PROFESSIONNELS INTERVIENNENT AU DOMICILE ?<\/strong><\/p>\n<p><!-- \/wp:paragraph --><\/p>\n<p><!-- wp:list --><\/p>\n<ul>\n<li>des aides-soignants dipl\u00f4m\u00e9s d&#8217;Etat<\/li>\n<li>des infirmiers dipl\u00f4m\u00e9s d&#8217;Etat<\/li>\n<\/ul>\n<p><!-- \/wp:list --><\/p>\n<p><!-- wp:paragraph {\"customTextColor\":\"#008d9e\"} --><\/p>\n<p class=\"has-text-color\" style=\"color: #008d9e;\"><strong>COMMENT B\u00c9N\u00c9FICIER DU SSIAD ?<\/strong><\/p>\n<p><!-- \/wp:paragraph --><\/p>\n<p><!-- wp:paragraph --><\/p>\n<p>La demande est effectu\u00e9e aupr\u00e8s de l&#8217;infirmi\u00e8re coordinatrice par :<\/p>\n<p><!-- \/wp:paragraph --><\/p>\n<p><!-- wp:list --><\/p>\n<ul>\n<li>la personne elle-m\u00eame<\/li>\n<li>l&#8217;entourage<\/li>\n<li>le m\u00e9decin traitant<\/li>\n<li>le service hospitalier (cadre de sant\u00e9, assistante sociale&#8230;)<\/li>\n<li>le service social de la commune d&#8217;habitation.<\/li>\n<\/ul>\n<p><!-- \/wp:list --><\/p>\n<p><!-- wp:paragraph --><\/p>\n<p>Par t\u00e9l\u00e9phone, par internet (via le site apmad.fr) ou par contact direct dans les locaux.<\/p>\n<p><!-- \/wp:paragraph --><\/p>\n<p><!-- wp:paragraph {\"customTextColor\":\"#008d9e\"} --><\/p>\n<p class=\"has-text-color\" style=\"color: #008d9e;\"><strong>QUELS SONT LES HORAIRES D&#8217;INTERVENTION ?<\/strong><\/p>\n<p><!-- \/wp:paragraph --><\/p>\n<p><!-- wp:paragraph --><\/p>\n<p>Pour les aides-soignants, les soins sont effectu\u00e9s du lundi au dimanche de 8H00 \u00e0 12H00, et de 16H30 \u00e0 19H30.<br \/>Pour les infirmiers, les soins sont effectu\u00e9s de 8H00 \u00e0 20H00 les jours de semaine, et de 8H00 \u00e0 12H00 puis de 16H30 \u00e0 19H30 les week-ends et jours f\u00e9ri\u00e9s.<\/p>\n<p><!-- \/wp:paragraph --><\/p>\n<p><!-- wp:paragraph {\"customTextColor\":\"#008d9e\"} --><\/p>\n<p class=\"has-text-color\" style=\"color: #008d9e;\"><strong>COMMENT \u00c7A CO\u00dbTE ?<\/strong><\/p>\n<p><!-- \/wp:paragraph --><\/p>\n<p><!-- wp:paragraph --><\/p>\n<p>Aucune charge financi\u00e8re n&#8217;est \u00e0 supporter par l&#8217;usager directement pour les interventions infirmi\u00e8res et aides-soignantes effectu\u00e9es.<\/p>\n<p><!-- \/wp:paragraph --><\/p>\n<p><!-- wp:paragraph --><\/p>\n<p>Vous avez des questions sur le SSIAD ? Consultez notre FAQ<\/p>\n<p>\u00a0<\/p>\n<p>\u00a0<\/p>\n<p><!-- \/wp:paragraph --><\/p>\n<p><!-- wp:button {\"textColor\":\"very-light-gray\",\"customBackgroundColor\":\"#008d9e\",\"align\":\"left\",\"className\":\"is-style-default\"} --><\/p>\n<div class=\"wp-block-button alignleft is-style-default\"><a class=\"wp-block-button__link has-text-color has-very-light-gray-color has-background\" style=\"background-color: #008d9e;\" href=\"http:\/\/apmad.fr\/?page_id=129\">Foire aux questions<\/a><\/div>\n<p><!-- \/wp:button --><\/p>\t\t\t\t\t\t<\/div>\n\t\t\t\t<\/div>\n\t\t\t\t<div class=\"elementor-element elementor-element-58c8d08 elementor-widget elementor-widget-text-editor\" data-id=\"58c8d08\" data-element_type=\"widget\" data-widget_type=\"text-editor.default\">\n\t\t\t\t<div class=\"elementor-widget-container\">\n\t\t\t\t\t\t\t<p><!-- wp:paragraph --><\/p>\n<p>Depuis 1983, le SSIAD de St-Fargeau-Ponthierry et environs est un acteur essentiel du maintien \u00e0 domicile, en compl\u00e9ment des services \u00e0 la personne, des portages de repas, des transports&#8230;<\/p>\n<p><!-- \/wp:paragraph --><\/p>\n<p><!-- wp:paragraph {\"customTextColor\":\"#008d9e\"} --><\/p>\n<p style=\"color:#008d9e\" class=\"has-text-color\"><strong>A QUI S&#8217;ADRESSE-T-IL ?<\/strong><\/p>\n<p><!-- \/wp:paragraph --><\/p>\n<p><!-- wp:paragraph --><\/p>\n<p>Il intervient, principalement, au domicile des personnes :<br><\/p>\n<p><!-- \/wp:paragraph --><\/p>\n<p><!-- wp:list --><\/p>\n<ul>\n<li>\u00e2g\u00e9es de 60 ans et plus, malades ou d\u00e9pendantes.<\/li>\n<\/ul>\n<p><!-- \/wp:list --><\/p>\n<p><!-- wp:paragraph --><\/p>\n<p>Et sur autorisation expresse (d\u00e9rogation) de l&#8217;Agence R\u00e9gionale de Sant\u00e9, au domicile des personnes :<br><\/p>\n<p><!-- \/wp:paragraph --><\/p>\n<p><!-- wp:list --><\/p>\n<ul>\n<li>adultes de moins de 60 ans pr\u00e9sentant un handicap<\/li>\n<li>adultes de moins de 60 ans atteintes de pathologies chroniques ou d&#8217;affections n\u00e9cessitant un traitement prolong\u00e9 et une th\u00e9rapeutique particuli\u00e8rement co\u00fbteuse.<\/li>\n<\/ul>\n<p><!-- \/wp:list --><\/p>\n<p><!-- wp:paragraph {\"customTextColor\":\"#008d9e\"} --><\/p>\n<p style=\"color:#008d9e\" class=\"has-text-color\"><strong>SUR QUEL TERRITOIRE INTERVIENT-IL ?<\/strong><\/p>\n<p><!-- \/wp:paragraph --><\/p>\n<p><!-- wp:paragraph --><\/p>\n<p>Il s&#8217;\u00e9tend sur le territoire de 13 communes :<\/p>\n<p><!-- \/wp:paragraph --><\/p>\n<p><!-- wp:image {\"id\":102,\"align\":\"left\"} --><\/p>\n<div class=\"wp-block-image\">\n<figure class=\"alignleft\"><img decoding=\"async\" width=\"308\" height=\"480\" src=\"http:\/\/apmad.fr\/wp-content\/uploads\/2020\/01\/map.png\" alt=\"\" class=\"wp-image-102\" srcset=\"https:\/\/apmad.fr\/wp-content\/uploads\/2020\/01\/map.png 308w, https:\/\/apmad.fr\/wp-content\/uploads\/2020\/01\/map-193x300.png 193w\" sizes=\"(max-width: 308px) 100vw, 308px\" \/><\/figure>\n<\/div>\n<p><!-- \/wp:image --><\/p>\n<p><!-- wp:list --><\/p>\n<ul>\n<li>Arbonne-la-For\u00eat<\/li>\n<li>Barbizon<\/li>\n<li>Boissise-le-Roi<\/li>\n<li>C\u00e9ly-en-Bi\u00e8re<\/li>\n<li>Chailly-en-Bi\u00e8re<\/li>\n<li>Fleury-en-Bi\u00e8re<\/li>\n<li>Perthes-en-G\u00e2tinais<\/li>\n<li>Pringy<\/li>\n<li>Saint-Fargeau-Ponthierry<\/li>\n<li>Saint-Germain-sur-\u00c9cole<\/li>\n<li>Saint-Martin-en-Bi\u00e8re<\/li>\n<li>Saint-Sauveur-sur-\u00c9cole<\/li>\n<li>Villiers-en-Bi\u00e8re<\/li>\n<\/ul>\n<p><!-- \/wp:list --><\/p>\n<p><!-- wp:paragraph --><\/p>\n<p><!-- \/wp:paragraph --><\/p>\n<p><!-- wp:paragraph {\"customTextColor\":\"#008d9e\"} --><\/p>\n<p style=\"color:#008d9e\" class=\"has-text-color\"><strong>QUELLES PRESTATIONS ?<\/strong><\/p>\n<p><!-- \/wp:paragraph --><\/p>\n<p><!-- wp:paragraph --><\/p>\n<p>Les intervenants du SSIAD assurent :<br><\/p>\n<p><!-- \/wp:paragraph --><\/p>\n<p><!-- wp:list --><\/p>\n<ul>\n<li>des actes de la vie courante de soins d&#8217;hygi\u00e8ne et de confort<\/li>\n<li>des actes techniques infirmiers<\/li>\n<\/ul>\n<p><!-- \/wp:list --><\/p>\n<p><!-- wp:paragraph {\"customTextColor\":\"#008d9e\"} --><\/p>\n<p style=\"color:#008d9e\" class=\"has-text-color\"><strong>QUELS PROFESSIONNELS INTERVIENNENT AU DOMICILE ?<\/strong><\/p>\n<p><!-- \/wp:paragraph --><\/p>\n<p><!-- wp:list --><\/p>\n<ul>\n<li>des aides-soignants dipl\u00f4m\u00e9s d&#8217;Etat<\/li>\n<li>des infirmiers dipl\u00f4m\u00e9s d&#8217;Etat<\/li>\n<\/ul>\n<p><!-- \/wp:list --><\/p>\n<p><!-- wp:paragraph {\"customTextColor\":\"#008d9e\"} --><\/p>\n<p style=\"color:#008d9e\" class=\"has-text-color\"><strong>COMMENT B\u00c9N\u00c9FICIER DU SSIAD ?<\/strong><\/p>\n<p><!-- \/wp:paragraph --><\/p>\n<p><!-- wp:paragraph --><\/p>\n<p>La demande est effectu\u00e9e aupr\u00e8s de l&#8217;infirmi\u00e8re coordinatrice par :<br><\/p>\n<p><!-- \/wp:paragraph --><\/p>\n<p><!-- wp:list --><\/p>\n<ul>\n<li>la personne elle-m\u00eame<\/li>\n<li>l&#8217;entourage<\/li>\n<li>le m\u00e9decin traitant<\/li>\n<li>le service hospitalier (cadre de sant\u00e9, assistante sociale&#8230;)<\/li>\n<li>le service social de la commune d&#8217;habitation.<\/li>\n<\/ul>\n<p><!-- \/wp:list --><\/p>\n<p><!-- wp:paragraph --><\/p>\n<p>Par t\u00e9l\u00e9phone, par internet (via le site apmad.fr) ou par contact direct dans les locaux.<\/p>\n<p><!-- \/wp:paragraph --><\/p>\n<p><!-- wp:paragraph {\"customTextColor\":\"#008d9e\"} --><\/p>\n<p style=\"color:#008d9e\" class=\"has-text-color\"><strong>QUELS SONT LES HORAIRES D&#8217;INTERVENTION ?<\/strong><\/p>\n<p><!-- \/wp:paragraph --><\/p>\n<p><!-- wp:paragraph --><\/p>\n<p>Pour les aides-soignants, les soins sont effectu\u00e9s du lundi au dimanche de 8H00 \u00e0 12H00, et de 16H30 \u00e0 19H30.<br>Pour les infirmiers, les soins sont effectu\u00e9s de 8H00 \u00e0 20H00 les jours de semaine, et de 8H00 \u00e0 12H00 puis de 16H30 \u00e0 19H30 les week-ends et jours f\u00e9ri\u00e9s.<\/p>\n<p><!-- \/wp:paragraph --><\/p>\n<p><!-- wp:paragraph {\"customTextColor\":\"#008d9e\"} --><\/p>\n<p style=\"color:#008d9e\" class=\"has-text-color\"><strong>COMMENT \u00c7A CO\u00dbTE ?<\/strong><\/p>\n<p><!-- \/wp:paragraph --><\/p>\n<p><!-- wp:paragraph --><\/p>\n<p>Aucune charge financi\u00e8re n&#8217;est \u00e0 supporter par l&#8217;usager directement pour les interventions infirmi\u00e8res et aides-soignantes effectu\u00e9es.<\/p>\n<p><!-- \/wp:paragraph --><\/p>\n<p><!-- wp:paragraph --><\/p>\n<p>Vous avez des questions sur le SSIAD ? Consultez notre FAQ<\/p><p><br><\/p><p><br><\/p>\n<p><!-- \/wp:paragraph --><\/p>\n<p><!-- wp:button {\"textColor\":\"very-light-gray\",\"customBackgroundColor\":\"#008d9e\",\"align\":\"left\",\"className\":\"is-style-default\"} --><\/p>\n<div class=\"wp-block-button alignleft is-style-default\"><a class=\"wp-block-button__link has-text-color has-very-light-gray-color has-background\" href=\"http:\/\/apmad.fr\/?page_id=129\" style=\"background-color:#008d9e\">Foire aux questions<\/a><\/div>\n<p><!-- \/wp:button --><\/p>\t\t\t\t\t\t<\/div>\n\t\t\t\t<\/div>\n\t\t\t\t\t<\/div>\n\t\t<\/div>\n\t\t\t\t\t<\/div>\n\t\t<\/section>\n\t\t\t\t<\/div>\n\t\t","protected":false},"excerpt":{"rendered":"<p>Depuis 1983, le SSIAD de St-Fargeau-Ponthierry et environs est un acteur essentiel du maintien \u00e0 domicile, en compl\u00e9ment des services \u00e0 la personne, des portages de repas, des transports&#8230; \u00a0 \u00a0 \u00a0 \u00a0 \u00a0 \u00a0 \u00a0 \u00a0 \u00a0 \u00a0 \u00a0Julianne BOTHEREL assure la direction de la structure APMAD-SSIAD A QUI S&#8217;ADRESSE-T-IL ? Il intervient, principalement, [&hellip;]<\/p>\n","protected":false},"author":1,"featured_media":40,"parent":0,"menu_order":3,"comment_status":"closed","ping_status":"closed","template":"","meta":{"footnotes":""},"_links":{"self":[{"href":"https:\/\/apmad.fr\/index.php?rest_route=\/wp\/v2\/pages\/12"}],"collection":[{"href":"https:\/\/apmad.fr\/index.php?rest_route=\/wp\/v2\/pages"}],"about":[{"href":"https:\/\/apmad.fr\/index.php?rest_route=\/wp\/v2\/types\/page"}],"author":[{"embeddable":true,"href":"https:\/\/apmad.fr\/index.php?rest_route=\/wp\/v2\/users\/1"}],"replies":[{"embeddable":true,"href":"https:\/\/apmad.fr\/index.php?rest_route=%2Fwp%2Fv2%2Fcomments&post=12"}],"version-history":[{"count":23,"href":"https:\/\/apmad.fr\/index.php?rest_route=\/wp\/v2\/pages\/12\/revisions"}],"predecessor-version":[{"id":651,"href":"https:\/\/apmad.fr\/index.php?rest_route=\/wp\/v2\/pages\/12\/revisions\/651"}],"wp:featuredmedia":[{"embeddable":true,"href":"https:\/\/apmad.fr\/index.php?rest_route=\/wp\/v2\/media\/40"}],"wp:attachment":[{"href":"https:\/\/apmad.fr\/index.php?rest_route=%2Fwp%2Fv2%2Fmedia&parent=12"}],"curies":[{"name":"wp","href":"https:\/\/api.w.org\/{rel}","templated":true}]}}