{"id":13,"date":"2020-01-13T08:26:18","date_gmt":"2020-01-13T08:26:18","guid":{"rendered":"http:\/\/apmad.fr\/?page_id=13"},"modified":"2024-04-17T11:09:53","modified_gmt":"2024-04-17T10:09:53","slug":"partenaires","status":"publish","type":"page","link":"https:\/\/apmad.fr\/?page_id=13","title":{"rendered":"PARTENAIRES"},"content":{"rendered":"\n<p style=\"color:#008d9e\" class=\"has-text-color\"><strong>UN PARTENARIAT RENFORCE<\/strong> <strong>ET DIVERSIFIE<\/strong><\/p>\n\n\n\n<p>\n\nVigie du syst\u00e8me de sant\u00e9, le SSIAD est un acteur essentiel du maintien \u00e0 domicile, en compl\u00e9ment des services \u00e0 la personne (dont les Services d&#8217;Aide et d&#8217;Accompagnement \u00e0 Domicile &#8211; SAAD) des portages de repas, des transports, etc.<br>Il intervient sur prescription m\u00e9dicale. Il joue un r\u00f4le de coordination g\u00e9rontologique de premier plan aupr\u00e8s des diff\u00e9rents professionnels de sant\u00e9 et notamment aupr\u00e8s des m\u00e9decins traitants des usagers du SSIAD.<\/p>\n\n\n\n<p>Ces derni\u00e8res ann\u00e9es, le SSIAD de Saint Fargeau Ponthierry et Environs a d\u00e9velopp\u00e9 un partenariat renforc\u00e9, soit par conventions, soit par liens \u00e9troits avec les :<br>&#8211; professionnels de sant\u00e9 de ville : m\u00e9decins, pharmaciens, infirmiers lib\u00e9raux, p\u00e9dicures<br>&#8211; administrations : les mairies et leurs centres communaux d&#8217;action sociale du secteur d&#8217;intervention<br>&#8211; \u00e9tablissements de sant\u00e9 et m\u00e9dico sociaux<br>&#8211; Services d&#8217;Aide et d&#8217;Accompagnement \u00e0 Domicile SAAD<br>&#8211; associations de malades<br>&#8211; dispositifs d&#8217;appui \u00e0 la coordination sur le sud du d\u00e9partement de Seine et Marne : R\u00e9seau Territorial de Sant\u00e9 Sud 77<br>RT2S 77, les p\u00f4les autonomie territoriaux PAT, <br>&#8211; Soins de Suite et de R\u00e9adaptation SSR<br>&#8211; instituts de formations param\u00e9dicales<br>&#8211; etc<\/p>\n\n\n\n<p><strong>L&#8217;APMAD est affili\u00e9e <\/strong><\/p>\n\n\n\n<p><\/p>\n\n\n\n<p><strong>\u00e0 la F\u00e9d\u00e9ration des Etablissements Hospitaliers et d&#8217;Aide \u00e0 la Personne, la FEHAP <\/strong><\/p>\n\n\n\n<p><strong>et \u00e0 l&#8217;UNASSI<\/strong><\/p>\n","protected":false},"excerpt":{"rendered":"<p>UN PARTENARIAT RENFORCE ET DIVERSIFIE Vigie du syst\u00e8me de sant\u00e9, le SSIAD est un acteur essentiel du maintien \u00e0 domicile, en compl\u00e9ment des services \u00e0 la personne (dont les Services d&#8217;Aide et d&#8217;Accompagnement \u00e0 Domicile &#8211; SAAD) des portages de repas, des transports, etc.Il intervient sur prescription m\u00e9dicale. Il joue un r\u00f4le de coordination g\u00e9rontologique [&hellip;]<\/p>\n","protected":false},"author":1,"featured_media":40,"parent":0,"menu_order":4,"comment_status":"closed","ping_status":"closed","template":"","meta":{"footnotes":""},"_links":{"self":[{"href":"https:\/\/apmad.fr\/index.php?rest_route=\/wp\/v2\/pages\/13"}],"collection":[{"href":"https:\/\/apmad.fr\/index.php?rest_route=\/wp\/v2\/pages"}],"about":[{"href":"https:\/\/apmad.fr\/index.php?rest_route=\/wp\/v2\/types\/page"}],"author":[{"embeddable":true,"href":"https:\/\/apmad.fr\/index.php?rest_route=\/wp\/v2\/users\/1"}],"replies":[{"embeddable":true,"href":"https:\/\/apmad.fr\/index.php?rest_route=%2Fwp%2Fv2%2Fcomments&post=13"}],"version-history":[{"count":5,"href":"https:\/\/apmad.fr\/index.php?rest_route=\/wp\/v2\/pages\/13\/revisions"}],"predecessor-version":[{"id":572,"href":"https:\/\/apmad.fr\/index.php?rest_route=\/wp\/v2\/pages\/13\/revisions\/572"}],"wp:featuredmedia":[{"embeddable":true,"href":"https:\/\/apmad.fr\/index.php?rest_route=\/wp\/v2\/media\/40"}],"wp:attachment":[{"href":"https:\/\/apmad.fr\/index.php?rest_route=%2Fwp%2Fv2%2Fmedia&parent=13"}],"curies":[{"name":"wp","href":"https:\/\/api.w.org\/{rel}","templated":true}]}}